ommon divisor of 121584 and 168.
24
What is the greatest common divisor of 56672 and 2254?
322
What is the highest common divisor of 146700 and 15485?
815
What is the greatest common divisor of 387 and 42561?
9
What is the highest common factor of 140 and 821410?
10
Calculate the highest common factor of 697 and 969.
17
Calculate the greatest common factor of 89 and 81791.
89
Calculate the greatest common factor of 2888 and 1805.
361
What is the greatest common divisor of 3360 and 9?
3
What is the highest common divisor of 28 and 103516?
28
Calculate the greatest common factor of 4323 and 9825.
393
What is the greatest common factor of 55 and 1626295?
55
Calculate the greatest common factor of 142383 and 93.
93
Calculate the highest common divisor of 24250 and 6014.
194
Calculate the highest common factor of 13 and 2480.
1
What is the greatest common divisor of 2691 and 238257?
207
Calculate the greatest common divisor of 325 and 7085.
65
Calculate the greatest common factor of 105510 and 990.
30
Calculate the greatest common factor of 76665 and 855.
285
Calculate the greatest common factor of 21068 and 46.
46
What is the greatest common factor of 448 and 4963?
7
Calculate the highest common divisor of 8860 and 10189.
443
What is the highest common factor of 81763 and 44?
11
What is the greatest common divisor of 1505 and 587251?
301
Calculate the greatest common factor of 174 and 18154.
58
Calculate the highest common divisor of 280539 and 427.
427
Calculate the highest common factor of 11438830 and 130.
130
What is the highest common factor of 280 and 73430?
70
What is the greatest common factor of 981756 and 252?
36
What is the highest common factor of 10999 and 1004791?
647
What is the highest common factor of 4 and 152281?
1
What is the highest common divisor of 1364 and 26939?
341
Calculate the greatest common divisor of 101406 and 192.
6
Calculate the greatest common factor of 71269 and 23837.
121
Calculate the highest common divisor of 693 and 4668147.
99
What is the greatest common divisor of 405 and 26865?
135
What is the highest common factor of 36 and 319008?
12
What is the highest common divisor of 33 and 203005?
11
Calculate the greatest common factor of 1200 and 4965.
15
What is the highest common divisor of 116421 and 3775?
151
What is the greatest common factor of 58 and 9912?
2
Calculate the highest common factor of 892891 and 30634.
901
What is the highest common divisor of 167617 and 62?
31
Calculate the greatest common factor of 1178 and 26722.
62
What is the greatest common divisor of 4090 and 293662?
818
What is the highest common factor of 222614 and 14?
14
What is the highest common divisor of 150 and 8598?
6
What is the highest common factor of 590 and 108678?
118
Calculate the highest common factor of 55 and 6640.
5
Calculate the greatest common divisor of 2293964 and 516.
172
Calculate the highest common factor of 127613 and 111.
37
What is the highest common divisor of 1901020 and 550?
110
Calculate the highest common factor of 2794 and 320294.
254
What is the greatest common divisor of 124 and 772?
4
Calculate the highest common divisor of 117 and 1161927.
117
What is the highest common factor of 49406 and 56?
14
Calculate the highest common factor of 40267 and 5293.
67
Calculate the greatest common divisor of 18486 and 99.
9
What is the greatest common divisor of 512 and 263?
1
What is the highest common divisor of 3455634 and 728?
182
Calculate the highest common factor of 35346 and 12.
6
What is the greatest common factor of 1122 and 268906?
374
Calculate the greatest common factor of 45401 and 48683.
547
Calculate the greatest common factor of 535375 and 1825.
25
Calculate the greatest common factor of 30 and 295305.
15
Calculate the greatest common divisor of 6984 and 1098.
18
What is the greatest common factor of 8820 and 990?
90
What is the greatest common factor of 10668 and 28?
28
Calculate the highest common factor of 20172 and 738.
246
What is the highest common factor of 39 and 27638?
13
Calculate the highest common factor of 51312 and 144.
48
Calculate the highest common divisor of 109080 and 5.
5
What is the greatest common divisor of 1081 and 9913?
23
Calculate the highest common divisor of 3787 and 707.
7
Calculate the highest common factor of 25844 and 154.
14
Calculate the greatest common factor of 75 and 1855325.
25
Calculate the greatest common factor of 95596 and 4.
4
What is the greatest common divisor of 40 and 947210?
10
What is the greatest common divisor of 3716666 and 152?
38
Calculate the greatest common factor of 2070 and 630.
90
What is the greatest common factor of 126 and 86391?
9
What is the highest common divisor of 4858120 and 40?
40
Calculate the greatest common factor of 171 and 24263.
19
Calculate the highest common divisor of 204 and 5644.
68
Calculate the greatest common factor of 125 and 119275.
25
What is the greatest common factor of 1054590 and 60?
30
What is the greatest common factor of 576 and 210?
6
What is the highest common divisor of 3 and 1371372?
3
What is the highest common factor of 9 and 1773?
9
What is the greatest common factor of 5520 and 759?
69
What is the highest common divisor of 1040 and 4720?
80
Calculate the highest common factor of 267 and 488521.
89
Calculate the highest common factor of 36 and 1024.
4
Calculate the highest common factor of 357 and 203.
7
What is the greatest common divisor of 314 and 2095322?
314
What is the greatest common divisor of 1030035 and 15?
15
What is the highest common factor of 38 and 80294?
38
What is the highest common factor of 229 and 64?
1
What is the highest common divisor of 8856 and 1512?
216
What is the highest common divisor of 170583 and 21?
21
Calculate the greatest common divisor of 34684 and 122902.
754
Calculate the highest common factor of 189927 and 376.
47
What is the highest common factor of 478 and 1459?
1
What is the greatest common factor of 2793 and 4067?
49
Calculate the greatest common factor of 1818 and 751743.
909
What is the greatest common divisor of 280718 and 388?
194
What is the highest common divisor of 14 and 132609?
1
What is the greatest common divisor of 1008 and 48566?
14
What is the greatest common factor of 91128 and 888?
24
What is the greatest common divisor of 670 and 86966?
134
Calculate the greatest common divisor of 465 and 54560.
155
What is the greatest common divisor of 29458 and 2561?
13
What is the greatest common factor of 44072 and 1652?
28
What is the highest common divisor of 20007 and 1197?
171
What is the greatest common factor of 2497 and 7718?
227
Calculate the greatest common factor of 23805 and 13248.
207
Calculate the highest common divisor of 3268 and 76.
76
Calculate the greatest common divisor of 5 and 128705.
5
Calculate the highest common divisor of 123 and 158547.
123
Calculate the highest common divisor of 328 and 8206.
2
What is the greatest common divisor of 2821 and 24831?
31
What is the greatest common factor of 12943 and 903?
301
What is the greatest common divisor of 4329 and 2587299?
1443
Calculate the greatest common factor of 155052 and 11328.
708
What is the greatest common divisor of 14 and 463757?
7
Calculate the highest common factor of 6303240 and 360.
360
What is the highest common factor of 13031 and 83?
83
Calculate the greatest common factor of 1406262 and 26.
26
Calculate the greatest common divisor of 350 and 371525.
175
Calculate the greatest common factor of 4737 and 6.
3
What is the highest common factor of 45603 and 81?
81
Calculate the greatest common divisor of 316 and 55774.
158
What is the highest common factor of 24728 and 20794?
562
What is the highest common divisor of 342 and 63099?
171
Calculate the greatest common divisor of 124344 and 484.
44
Calculate the highest common divisor of 18 and 15406.
2
Calculate the greatest common factor of 171564 and 612.
204
What is the highest common factor of 297 and 20439?
27
Calculate the highest common divisor of 3348 and 8316.
108
Calculate the highest common divisor of 273 and 1312948.
91
What is the greatest common divisor of 861474 and 6?
6
What is the highest common divisor of 186900 and 350?
350
What is the greatest common divisor of 120 and 304770?
30
What is the high